.
3, 17
Let n(g) be the first derivative of -3/2*g**2 + g**3 + g - 16. What are the prime factors of n(2)?
7
Suppose 0 = -5*h + 3*o - 51, -o - o + 40 = -4*h. List the prime factors of (-1)/((-9)/475) - 2/h.
53
Let v be 600/(-42) - 1 - (-2)/7. Suppose 2 = 2*l, -3*l - 2*l - 1 = 3*p. List the prime factors of (-3 - 55/v)/(p/(-753)).
251
Let y(i) = 64*i**3 + 35*i**2 - 33*i + 266. List the prime factors of y(10).
2, 23, 733
Suppose 0 = -22*l - 0*l + 86577 - 4803. What are the prime factors of l?
3, 7, 59
Suppose -2 = -3*b + 3*s + 31, -2*b - 4*s - 8 = 0. Suppose -b*n + n - 11 = v, -5*v + 3*n = -57. Suppose -v*x + 2*x + 644 = 0. List the prime factors of x.
2, 23
Let t(i) = -2*i**3 - 6*i - 13. Let d be t(-5). List the prime factors of d/5*(-1 - 9)/(-1).
2, 3, 89
Suppose -3*j + 10*k - 2513 = -63511, 2*k + 20338 = j. What are the prime factors of j?
2, 3, 3391
Let l(h) = -29*h**2 - 17*h + 16. Let y(f) = -63*f**2 - 34*f + 32. Let p(a) = 13*l(a) - 6*y(a). List the prime factors of p(19).
2, 3
What are the prime factors of ((-4)/(-6))/((-82)/(-76137))?
619
Suppose 3*b - 3*t = t + 2108, -4*b + 2824 = -2*t. Suppose 1097 = 5*u - b. What are the prime factors of u?
19
Let j be 4 + (-3 - 5) + 7. List the prime factors of (-18 + -36)/(j/(-4)).
2, 3
Suppose 0 = -u - 5*m + 3, 3*m + 15 = 5*u + m. Suppose -3*p + u*c = 5*c - 4, -c = -4*p - 2. Suppose -5*g + 119 + 291 = p. What are the prime factors of g?
2, 41
Let o(w) = 16662*w**2 - 33*w - 29. List the prime factors of o(-1).
2, 13, 641
Suppose 4*m + 7 = -13. Let b(k) = -k**3 - 5*k**2 + k - 4. Let w be b(m). List the prime factors of w/(-27) + (-220)/(-6).
37
Let h(b) = 76*b + 67. Let v be h(7). List the prime factors of v - 120/(-100)*10/(-3).
5, 7, 17
Let u = 29818 + -13116. What are the prime factors of u?
2, 7, 1193
Let m(u) = -2*u**3 - 115*u**2 + 118*u - 159. What are the prime factors of m(-59)?
2, 11, 151
Let l(p) = 4*p**3 + 12*p**2 - 25*p - 30. Let s be l(-14). List the prime factors of s/(-40) - (-4)/10.
2, 13
List the prime factors of -10*(-2)/(-4) + (5599 - -13).
3, 7, 89
Let n(z) = -z**3 + 2*z + 1. Suppose 13 = y + 11. Let p be n(y). List the prime factors of (-6*3)/p*7.
2, 3, 7
Suppose 102*c = 107*c - 215. Let l = 61 - c. Suppose -221*m = -219*m - l. List the prime factors of m.
3
Suppose -5*m = -128 - 82. Let r be ((-2)/7)/(2 - 90/m). Suppose v = 1, -2*v + 84 + 188 = r*l. List the prime factors of l.
3, 5
Suppose 15*g - 19678 = 12*g + 5*n, 3*g = n + 19682. Suppose -g = -71*a + 62*a. List the prime factors of a.
3
Let m(b) = 36*b - 64. Let c(v) = 54*v - 97. Let g(r) = 5*c(r) - 8*m(r). What are the prime factors of g(-3)?
3
Let l(s) = -25*s**3 + 8*s**2 - 36*s + 23. What are the prime factors of l(-6)?
5927
Suppose 58*m - 13*m - 22*m - 585028 = 0. List the prime factors of m.
2, 6359
Suppose 4*i = -2*x - 44, 3*x + 4*i + 86 - 18 = 0. Let g be x/(-42) - (-6855)/21. Suppose l + 0*l - 4*w = 96, 3*w - g = -4*l. What are the prime factors of l?
2, 3, 7
Suppose 79*n = 82*n + 5*m - 4226, 5*n + 5*m = 7040. List the prime factors of n.
3, 7, 67
List the prime factors of 22/(-385)*-5*46067.
2, 6581
Suppose -3*l + 3*r = 24 + 12, 0 = 5*l + r + 84. What are the prime factors of 751/4 - (1 - (-20)/l)?
2, 47
Let q be ((-40)/30)/(4/(-6)). Suppose q*x = -4*k + 2754, -5*x = 2*k - 1151 - 222. What are the prime factors of k?
13, 53
Suppose -5*x = -4*m + 98171, -2*x - 98186 = 66*m - 70*m. List the prime factors of m.
3, 7, 167
Suppose -5*t - 87*i + 24174 = -91*i, 0 = 4*t + 5*i - 19331. List the prime factors of t.
2, 2417
Suppose -3 = 42*x - 43*x. Suppose -x*t = i - 1061, 3*t - 361 = 2*t - 4*i. What are the prime factors of t?
353
Suppose 6164 = 4*f + 4*h, -25 = 30*h - 25*h. What are the prime factors of f?
2, 773
Suppose 3*m - m - 8 = -4*n, -3 = -4*m + 5*n. Suppose -m*p = l - 222, l = -4*l + 3*p + 1071. Suppose 12*i = 8*i + l. What are the prime factors of i?
2, 3
Suppose -5*l + 35 = -q, -8*q + 10*q = -2*l + 2. Suppose -4*u + l*c - c + 601 = 0, -5*c = 5. What are the prime factors of u?
149
Let i(x) = x**3 + 4*x**2 + 6*x + 24. Let h be i(-4). Suppose h = p + p - 38. Let q = p + 139. List the prime factors of q.
2, 79
Suppose 0*p - 8*p + 2616 = 0. Let t = p - 62. Suppose 332 = 4*s - 4*x, -3*x - 2*x = 3*s - t. What are the prime factors of s?
5, 17
Let d(a) = 135*a**3 + 10*a**2 - 23*a + 31. List the prime factors of d(5).
17041
Suppose -3*b + 0*c + 3312 = 3*c, -3304 = -3*b + c. Let d = b - 771. What are the prime factors of d?
331
Suppose 0 = -3*z + 211 - 3277. Let u be 0 - (z/(-28))/(1/(-4)). Suppose 0 = 3*n - u - 421. What are the prime factors of n?
3, 7
Let f = 391 - 157. Let m = f + -187. List the prime factors of m.
47
Suppose -5*p - 3*m + 322 = 0, 0*p - 4*p - 3*m = -260. Let s = 68 - p. Suppose -s*i + 354 = -0*i. List the prime factors of i.
59
Let q(t) = 206*t**2 + 101*t + 381. List the prime factors of q(-4).
3, 1091
Let x(d) = -2*d**2 - 29*d - 45. Let t be x(-17). Let r = t - -583. List the prime factors of r.
3, 151
Suppose 4*a = t + 68, -4*a + 3*t = -0*a - 76. What are the prime factors of -542*((-120)/a)/5?
3, 271
Suppose 0 = -303*x + 132006 + 215734 + 1619. What are the prime factors of x?
1153
Let p be 5/3 + (-1)/(-3). Let w(t) = -t**3 - 17*t**2 + 6*t + 4. Let v be w(-18). Suppose 2*r - p*u - 64 = r, -4*u = 4*r - v. What are the prime factors of r?
2, 29
Let t = 32 - 26. Suppose q + 4*h = 19, 5*q - 17 = -2*h + t. What are the prime factors of q/15 + 2690/50?
2, 3
Let q(y) = -31*y**2 + 7*y + 5. Let v(s) = -64*s**2 + 15*s + 11. Let d(o) = -7*q(o) + 3*v(o). What are the prime factors of d(3)?
211
Suppose -134*f = -106*f - 1400. What are the prime factors of f?
2, 5
Let x(q) be the second derivative of q**4/12 + q**3/6 - 17*q**2/2 + 75*q. What are the prime factors of x(6)?
5
Let h be 8 + 1 + (1 - 2 - 1). Suppose -h*x - 19584 = -31*x. What are the prime factors of x?
2, 3, 17
Let j be 170/(-238) - (0 + (-4)/(-14)). What are the prime factors of j + (-2672)/(-6) - 5/15?
2, 3, 37
What are the prime factors of (-8952)/60*3*15/(-6)?
3, 373
What are the prime factors of 5*(-8)/(-25)*(-4)/(8/(-2095))?
2, 419
What are the prime factors of (7 - 2 - 314923/196)/((-2)/64)?
2, 43, 149
Suppose -a - 3*s = 3*a - 1463, 2*a + 3*s - 733 = 0. List the prime factors of (299/65 + -1 + -3)*a.
3, 73
Let u(b) = -52*b**2 - 19*b - 2. Let r be u(6). List the prime factors of 1/((-1)/18)*r/213.
2, 3, 7
Let p(b) = 6*b**2 - 10*b + 9. Suppose 0 = -2*y - 5*k - 37, -3*y + 9 = -2*y - 3*k. Let i be p(y). Let w = -23 + i. What are the prime factors of w?
2, 131
Let l = -228 + 231. Suppose 4*a = 2*p - 848, -l*a + a = -2*p + 838. List the prime factors of p.
2, 3, 23
Let a(r) = 7118*r**2 - 19*r - 48. What are the prime factors of a(-2)?
2, 7, 19, 107
Let g(p) be the first derivative of -12 - 13/2*p**2 - 5*p + 2/3*p**3. What are the prime factors of g(-6)?
5, 29
Let u(f) = -6*f**3 - 60*f**2 + 21*f - 204. Let p(x) = x**3 + 12*x**2 - 4*x + 41. Let r(t) = -11*p(t) - 2*u(t). What are the prime factors of r(13)?
2, 19
List the prime factors of ((-51)/(-119))/(4/(-199486))*(-16)/24.
14249
Suppose -2370 = -5*y + 7*o - 5*o, 2*o - 10 = 0. Suppose 23*i - 467 = y. List the prime factors of i.
41
Let z(a) = -73*a + 20. Let o = -77 - -73. What are the prime factors of z(o)?
2, 3, 13
Suppose 4*p - 8*p + 3*b = 629, p + 159 = -b. Let x = p + 502. Suppose -5*a - 3*g + 5*g = -338, -4*g = 5*a - x. List the prime factors of a.
2, 17
Let v(w) = -24*w**3 + 6*w**2 - 11*w + 27. What are the prime factors of v(-9)?
2, 3, 503
Suppose 433 = -2*c - 5*b + 3661, -c + 5*b + 1614 = 0. Suppose -2*j = -c + 382. List the prime factors of j.
2, 7, 11
Let u(a) = -5*a**2 + 34*a + 42. Let l(b) = -45*b**2 + 305*b + 380. Let z(g) = 6*l(g) - 55*u(g). What are the prime factors of z(20)?
2, 3, 5, 13
Suppose -5*h + 5*p + 45 = 0, 2*h - 103 = -p - 79. Suppose -2*z + 4*s = -108, -166 = -3*z + 7*s - 5*s. Suppose 3*q = h*q - z. List the prime factors of q.
7
Suppose 3312 = 3*r + 2*t, -22*r + 23*r - 1096 = -2*t. What are the prime factors of r?
2, 277
Suppose -143205 = -3*b + 8*o, 0 = 4*o + 12. What are the prime factors of b?
3, 5303
Let t be -3*(-1)/1 + 1722/3. Let m = t - 278. List the prime factors of m.
13, 23
Let s(d) = -2*d**3 - 53*d**2 - 24*d + 45. Let p be s(-26). Let u(l) = -l**3 - 2*l*